ppose 22 = 2*x - 4*r, -2*x + 5*x + 4*r + 17 = 0. Let q = x + 2. Suppose 8*j - q*j - 30 = 0. What is the highest common factor of j and 2?
2
Let i = 1 + -8. Let j(c) = -c**3 - 6*c**2 + 7*c + 6. Let k be j(i). Let g be (0 + 2)/(1*(-2)/(-15)). What is the highest common divisor of g and k?
3
Let r be (11/((-385)/28))/((-2)/5). Let q be (r/(-10) - (-16)/(-20))*-7. Calculate the greatest common factor of 63 and q.
7
Let u(n) = 11*n + 6 + 6 + 12. Suppose 75*k = 53*k + 330. Let j be u(k). What is the highest common factor of j and 21?
21
Suppose -4*a + a + 72 = 0. Let v be -4*282/(-24) + 4. Suppose -6*y = -5*y + 3*p - v, 0 = -y + p + 63. Calculate the greatest common factor of a and y.
12
Let f = 13 - 8. Suppose 0 = 3*c - 4*d + 1 - 2, 3*c + f*d - 19 = 0. Suppose 4*w + 36 = 4*i, c*i - 5*w - 28 = -3*w. What is the greatest common factor of 4 and i?
2
Let g(l) = -62*l**2 + 448*l - 44. Let h be g(7). Let p(o) = -2*o + 4. Let c be p(-4). Calculate the greatest common factor of h and c.
6
Let s(t) = -5*t**3 - 2*t**2 - 9*t - 2. Let z be s(-4). What is the greatest common divisor of 184 and z?
46
Let u = 12 + -7. Let f be 10/6 + (-1)/((-12)/(-8)). Let i be (-1)/(224/(-220) + f). What is the greatest common divisor of i and u?
5
Suppose 4*p + t = 104, 4*p - 5*t + 8*t = 96. What is the greatest common divisor of 15 and p?
3
Let w be 1572/27 + (-4)/54*3. Let c = w + -23. Calculate the greatest common factor of c and 280.
35
Let i = 195 + -111. Suppose 2*s - i = -0*s. Let c be (-14)/10 - (-19)/((-190)/(-74)). What is the greatest common factor of c and s?
6
Suppose -3*b - 93 = 2*c, -3*b = -4*c + 2*c - 99. Let t = -23 - c. Let v be 288/28 - (-4)/(-14). Calculate the greatest common divisor of t and v.
5
Let m be 1 + 66/3 + -11 + 8. What is the greatest common factor of m and 28?
4
Let i(h) = 5*h**3 - 7*h**2 + h - 4. Let q be i(3). Let o = 95 - q. Calculate the greatest common factor of 36 and o.
12
Let p = -307 + 358. Calculate the highest common divisor of 17 and p.
17
Let m = -36 - -24. Let k be (22/(-4) + 1)/(1/m). Calculate the highest common divisor of 18 and k.
18
Let z be (2*1)/(5/(-10)). Let h be (-4 - z) + 2 + 2. Suppose 2*r - 2*g = 4, r = -r + h*g. What is the highest common factor of r and 1?
1
Let t(y) = -y**3 + 12*y**2 - 9*y - 11. Let u be (-1)/(-3)*(5 - -34). Let r = u + -2. Let m be t(r). Calculate the highest common divisor of m and 44.
11
Suppose -3*c - 40 = -w, 88 - 8 = 4*w + 4*c. Suppose -175 = -5*j - 2*v, 5 = -3*v - 10. Let i = j - w. Calculate the greatest common divisor of i and 30.
6
Suppose -x + y - 1 = 2*x, 3*x = -2*y + 2. Suppose 0*v + 2*v - 38 = x. Let r = -87 + 125. Calculate the highest common divisor of r and v.
19
Let d be ((-1 + 2)*-15)/(-1). Suppose 0 = -v + d + 80. Calculate the greatest common factor of 19 and v.
19
Suppose -3*r - 4*s = 1 - 8, -5*r + 6 = s. Suppose -5*n + 25 = -d, 2*n = -21*d + 20*d + 10. What is the greatest common factor of r and n?
1
Suppose -m + 1 = 0, 2*v - 3199 + 1053 = -2*m. Calculate the greatest common divisor of v and 201.
67
Suppose -6 + 156 = 5*f. Let t = f + -24. Suppose t*r + 2160 = 15*r. Calculate the highest common factor of 30 and r.
30
Let r = 28 - 25. Suppose r*q - 148 = 5. What is the highest common factor of 34 and q?
17
Suppose -11*l + 3085 - 808 = 0. What is the greatest common divisor of 299 and l?
23
Suppose m = 10 + 45. Suppose -p + 6*p - m = 0. Let i = p - 2. What is the greatest common divisor of i and 3?
3
Let m(j) = -j + 79. Let u be m(29). What is the greatest common divisor of u and 20?
10
Let m be (2/(-4))/((30/(-344))/15). Calculate the highest common divisor of 1634 and m.
86
Let j(b) be the third derivative of -b**5/60 - b**4/4 + 4*b**3/3 + 15*b**2. Let t be j(-7). Calculate the greatest common factor of t and 1.
1
Let w be (1/(-2))/(((-27)/(-708))/(-9)). Suppose -4*v + r = -r - w, 4*v + 2*r - 106 = 0. What is the greatest common divisor of v and 70?
14
Let o(v) = 10*v**3 + 1. Let k be o(1). Calculate the highest common factor of k and 99.
11
Suppose -4*j - 55 = -0*j - n, 3*n - 48 = 3*j. Let i = -8 - j. Suppose -380 + 50 = -i*z. Calculate the highest common factor of 22 and z.
22
Suppose 2*b + 90 = 4*y, 147 + 9 = -4*b - 4*y. Let c be (-3)/(-2 - 79/b). Calculate the greatest common divisor of c and 205.
41
Let w(p) = 2*p**2 + 13*p - 15. Suppose -44 = 3*n - 17. Let c be w(n). Let y be 10*1 + 0/(-1). Calculate the greatest common factor of c and y.
10
Suppose 26*f = 3483 - 103. What is the highest common factor of f and 104?
26
Let b(a) = 6*a**2 - 9*a - 4. Suppose -q + 2 = -2. Let m be b(q). Calculate the highest common divisor of 112 and m.
56
Let b = -4 - -148. Suppose -206 = -5*w + b. What is the greatest common factor of 14 and w?
14
Suppose -p + 19 + 1 = -l, 4*l + 101 = 5*p. Suppose 0 = -5*a, w = -w + 2*a + 56. Let v be (-1 + -2)*w/(-6). What is the highest common divisor of p and v?
7
Let o(f) = -2*f**3 - 17*f**2 + 8*f - 9. Let w be o(-9). Suppose 2*r - 5*j - 32 - 62 = w, -r + 50 = -4*j. Calculate the highest common factor of r and 168.
42
Let p be ((-30)/20)/((-100)/(-104) - 1). Calculate the greatest common divisor of p and 13.
13
Suppose 70*n = 476 - 126. What is the highest common divisor of 215 and n?
5
Let c = 2476 - 1326. Calculate the greatest common factor of 50 and c.
50
Let y(c) be the second derivative of c**4/3 - c**3/2 - c**2/2 + 6*c. Let b be y(5). Suppose -b = 6*s - 9*s. What is the greatest common factor of 70 and s?
14
Suppose -147*v + 150*v = 1944. What is the greatest common divisor of v and 24?
24
Let c be 13/3 + (-38)/(-57). Suppose -42 = -c*n + 28. Calculate the greatest common factor of n and 140.
14
Let g be (9/(-12))/(-1)*4. Let l = -39 + 76. Let b = l - 35. Calculate the highest common factor of g and b.
1
Let y be 6 - (1 + 0)*3. Suppose 5*k - 16 - 10 = 3*h, -y*k + 2*h = -15. Calculate the greatest common factor of k and 77.
7
Let a = 5 - -6. Suppose 54 + 56 = 5*q. Calculate the highest common factor of q and a.
11
Let c(t) = 18*t**2 - 18*t. Let b be c(-11). What is the highest common factor of 18 and b?
18
Let z be (1 - 2 - 34)*5088/(-742). Suppose -5*f = -4*k - 158, 2*f - k - 64 = k. What is the highest common divisor of f and z?
30
Let v be ((100/6)/5)/(8/12). Suppose 5*u - 36 = u - 4*c, -4*u = -5*c. Calculate the greatest common factor of u and v.
5
Let k(m) = -m**3 + 4*m**2 - 10*m + 49. Let b be k(4). What is the greatest common divisor of b and 96?
3
Suppose -3*m + 2*n = 226, 0 = m - 3*n - 0*n + 87. Let z = -48 - m. Calculate the greatest common factor of z and 120.
24
Let a = 514 - 493. Calculate the highest common divisor of a and 119.
7
Let t(d) = 4*d**2 - 3*d + 5. Let w be t(4). Calculate the highest common divisor of 6 and w.
3
Let v be 12/(-9)*(0 - 3). Suppose v*a - 4 = 5*z - 139, 5*z + 5*a - 90 = 0. Let l be (z + -1)*1/2. What is the highest common factor of 11 and l?
11
Suppose 3*l - 106 + 1 = -z, -2*l = 4*z - 450. What is the greatest common divisor of 76 and z?
38
Let o = -70 + 118. Let p(d) = -d**3 - 22*d**2 - 23*d - 30. Let u be (14 + 0)*(-18)/12. Let m be p(u). Calculate the greatest common divisor of m and o.
12
Suppose -4*p = -156 - 20. Suppose 3*a - a = p. What is the greatest common divisor of a and 11?
11
Let n be (16/(-20))/(4/(-500)). What is the highest common factor of 260 and n?
20
Let n = -1 + -16. Let h = n + 25. Let g(s) = s**3 - 17*s**2 + 17*s - 12. Let c be g(16). Calculate the greatest common factor of c and h.
4
Let s = -15 + 17. Suppose y - 9 - s = 0. What is the highest common factor of y and 121?
11
Let q(y) = -y + 66. Let v be q(-15). Calculate the greatest common factor of 36 and v.
9
Let r be (-99 - -139)*(-2)/(-1). Calculate the greatest common divisor of r and 130.
10
Suppose -230*g = -226*g - 288. Let i(j) = -j**3 - 6*j**2 + 2*j + 1. Let b be i(-7). Calculate the greatest common divisor of b and g.
36
Suppose 10*p - 28 = 6*p. Suppose -12 = t - p*t. What is the highest common divisor of t and 4?
2
Let b(p) = 5*p - 15. Let h = 45 - 29. Let x be b(h). Calculate the highest common divisor of x and 26.
13
Let q be 279/2*24/36. What is the highest common factor of q and 62?
31
Let n be ((-16)/(-20))/((-10896)/(-1815) - 6). Calculate the greatest common divisor of n and 66.
22
Suppose -7*y - 247 = -10*y +